 3. Let q(x) = -6*t(x) + 5*w(x). What is the tens digit of q(-2)?
3
Suppose 3*h = -3*v + 36, 5*h - 2*v - 60 - 14 = 0. What is the tens digit of h?
1
What is the tens digit of -4*(-2)/(-8)*-19?
1
Let f be 4291/(-21) - (-2)/6. What is the tens digit of f/(-5) - (-2)/10?
4
Suppose 4*d = 4*u - 728, 0*u + 5*u - 4*d = 915. What is the tens digit of u?
8
Suppose 4*x - 5*y + 24 - 6 = 0, -y = 4*x + 6. Let h be 14*(x - (-15)/6). Let g(j) = j - 2. What is the units digit of g(h)?
5
Let c = 2 + -2. Let l = 18 + -11. Suppose -2*p - 12 = -5*n, -l*p + 2*p - 5 = c. What is the units digit of n?
2
Suppose -3 = 3*u, -4*z + 3*u - 65 + 8 = 0. Let d(a) = a**3 - a**2 + 4*a - 3. Let l be d(3). Let b = z + l. What is the units digit of b?
2
Let n be ((-8)/(-3))/((-6)/(-45)). Suppose 0 = 3*f + 2*f - n. What is the units digit of f?
4
Let x(z) = -z**3 + 4*z**2 - 2*z. Let a be x(3). Let l(j) = j**2 + j - 1. What is the units digit of l(a)?
1
Suppose -5*o = -3*g - 35 - 131, -172 = -5*o + g. What is the units digit of 10/o + 38/14?
3
What is the units digit of (123/15 - 3)*5?
6
Let b be (-6)/(-14) - 298/(-7). Let h = -23 + b. What is the units digit of h?
0
Suppose 5*r = 4*l + r - 16, -2*r = 4. Suppose -l*u + 4 = -4, 0 = 4*t - u - 56. What is the tens digit of t?
1
Suppose -4*c + 27 = -3*v, 3*c = -2*c - 15. What is the units digit of 2/v + 1878/39?
8
Suppose c + 2*n - 146 = -2*c, 0 = 5*c - n - 226. What is the units digit of c?
6
Suppose -5 = r, -o - 4*r + 56 = -0*r. What is the units digit of o?
6
Suppose 3 - 2 = v. Suppose -3*r - v = 5*m, -2*r - 2*m - 2 = -0. What is the units digit of ((-3)/4)/(r/8)?
3
Suppose -3*o + 159 = -2*f, -5*o + 265 = -0*o + 4*f. What is the units digit of o?
3
Let t = 6 - 4. Suppose 2*o = -t*o + 8. Suppose -o*u = y - 16, -2*y + 0*u + 35 = 5*u. What is the units digit of y?
0
Let b = 0 - 2. Let w(c) be the third derivative of c**5/60 - c**4/24 + c**3/3 + c**2. What is the units digit of w(b)?
8
Suppose 5*u - 5*m - 25 = 0, u + 3 - 4 = -m. Suppose u + 2 = -i. Let p(r) = r**3 + 4*r**2 - 5*r + 1. What is the units digit of p(i)?
1
Suppose -y = 2*y - 15. Let p(c) = c**3 - 4*c**2 - 3*c + 7. Let k be p(y). Suppose -3*r = -7 - k. What is the units digit of r?
8
Let h(d) = d**3 + 6*d**2. Let x be h(-6). Suppose x*m = 3*m - 33. What is the units digit of m/4*4/1?
1
Suppose -3*m + 389 = -199. What is the hundreds digit of m?
1
Suppose 2*a - 109 - 55 = 0. What is the tens digit of a?
8
Let o(i) = i**3 - 3*i**2 - 5*i - 2. Let c be o(4). Let q = 5 + 3. Let u = c + q. What is the units digit of u?
2
Let r(k) = -k. Let u(y) = y + 11. Let s be u(-8). Suppose -s*b - 11 = 1. What is the units digit of r(b)?
4
Let i be 5*((-108)/15)/3. Let n = 21 + i. What is the units digit of n?
9
Let d(x) = x + 12. Let s be d(-12). Suppose s = 3*j - 128 - 37. What is the units digit of j?
5
Let b be 2 + 2 + -3 + -2. Let n be (6/(-4))/(3/18). What is the units digit of 3*(b - 21/n)?
4
Let v(o) = -2 + o**3 - 7*o**2 + 0 + 10*o - 6. What is the tens digit of v(6)?
1
What is the units digit of 1*3*(-7)/(-3)?
7
Suppose -46 - 176 = -3*l. What is the tens digit of l?
7
Let u = 2 - 0. Suppose -4*v + u*b + 56 = 0, -2*b + 0*b + 14 = v. What is the units digit of v?
4
Suppose 6*g + 264 = 1104. What is the units digit of g?
0
Let v(j) = j**3 - 4*j**2 - 5*j - 4. Let f be v(6). Let x = f - 18. Suppose -n = 7 - x. What is the units digit of n?
3
Let m(l) = 7*l**2 + 6*l - 3*l + 0*l. Let q be (3 + 0)/((-6)/4). What is the tens digit of m(q)?
2
Let s(g) = g**2 + 8*g + 5. Let q be s(-5). What is the units digit of (3 - q) + (1 - 2)?
2
Let n be ((-30)/12)/(2/(-4)). Let b = -4 + n. What is the units digit of b?
1
Let q(b) = -5*b + 5. Let p(l) be the second derivative of l**3/6 - l**2/2 + l. Let a(o) = 22*p(o) + 4*q(o). What is the units digit of a(8)?
4
Let s be (6/5)/((-1)/(-5)). Let k be 2 - (10/(-2) + 3). Suppose -s = -k*p + 6. What is the units digit of p?
3
Let m(w) be the second derivative of w**4/12 + w**3 + 3*w**2/2 + 4*w. Let t be m(-6). What is the tens digit of 4/(-2) + 36/t?
1
Suppose -4*q = -5*w + 11, w = -5*q + 4*w - 30. Let d = 44 + q. What is the units digit of d?
5
Let z(f) = f**3 - 2*f**2 - 3*f + 4. Let x be -6*((-3)/2)/3. Suppose -9 + 0 = -x*l. What is the units digit of z(l)?
4
Let y(k) = -2*k - 5 + 1 - 1. Suppose -x = 3*x - s + 13, 2*s = 2*x + 2. What is the units digit of y(x)?
3
Let t be (-18)/12 - (-66)/(-4). What is the units digit of 4/(-18) + (-76)/t?
4
What is the units digit of 40 + (-6)/(-6)*-4?
6
What is the tens digit of (-2)/13 - (-1564)/26?
6
What is the units digit of 176/6*(-2)/(2/(-3))?
8
Suppose -43*b + 48*b - 260 = 0. What is the units digit of b?
2
What is the tens digit of 4 + 23 - (-1 - -2)?
2
Let u(x) = -7*x**2 - x. Let q be 9/18*2/1. Let o be u(q). What is the tens digit of (1 + o/6)*-39?
1
Let r = -24 - -46. What is the tens digit of r?
2
Suppose 5*d - 58 = n + 61, -4*d - 2*n + 98 = 0. What is the units digit of d?
4
What is the tens digit of (-33)/(-22)*(-2 + 160/6)?
3
Let j = -1 + 5. Let t(i) = -i**3 + 24*i**2 - i + 26. Let s be t(24). Suppose j*f + 4*k = 60, -5*f - s*k - k = -75. What is the units digit of f?
5
Suppose 5*d = p + 6, 2*p - 6 = -3*d + 4*d. Suppose -p*o - 28 = -208. What is the units digit of o?
5
Suppose -2*i - 43 = -7. Let d be (-20)/(-3) - 6/i. Suppose -3*s - d = -4*s. What is the units digit of s?
7
Let a be (-60)/14 + 2/7. Let j be (-272)/(-12) + a/6. Suppose 0 = 3*z - z - j. What is the units digit of z?
1
Let m(z) = -8*z + 1. Let j be m(-2). Let h = -11 + j. What is the units digit of h?
6
Let d(q) = q**3 - q**2 - 9*q + 9. Let t be d(6). Let c = t + -83. What is the units digit of c?
2
What is the tens digit of (-2178)/(-45) - 4/10?
4
Suppose 2*u + 12 = -b, 0 = u - 0*u - b. Let y = 1 + u. What is the units digit of 4*3 - (-4 - y)?
3
Let w(n) = -n**2 + n + 5. Let b be w(0). Suppose -b*y + 235 = -0. What is the units digit of y?
7
Suppose 4*v = -226 - 66. Let m = 103 + v. What is the units digit of m?
0
Let x = 208 + 86. What is the units digit of x?
4
Let u(d) = d**3 - d**2 - d - 1. Suppose 4*h - 2 - 2 = 0. Suppose 3*n - 5 = h. What is the units digit of u(n)?
1
Let n(x) = x**2 - 4. Let j be n(3). Let w = j + -3. Suppose 0*m = 5*a + 3*m - 40, -w*a = 2*m - 16. What is the units digit of a?
8
Let k = -10 + 14. Let z be 183/21 - 4/(-14). Let q = k + z. What is the units digit of q?
3
Let m(p) = -p**3 - 6*p**2 + 4*p - 7. Let l be m(-6). Let f = l + 64. What is the units digit of 1/(2 + f/(-18))?
6
Let t(f) = -30*f**3 + f + 1. What is the tens digit of t(-1)?
3
Suppose 15 = p + 3*z - 0*z, -2*z + 20 = 4*p. Let c(x) = -x**2 + 2*x - 3. Let w be c(p). Let f = w + 14. What is the units digit of f?
8
Let t be 2/7 + (-2)/7. Suppose 0*n - 5*u + 113 = 3*n, 5*u + 10 = t. What is the tens digit of n?
4
Let l be (-6)/(-4)*(-6)/(-3). Suppose 3 = 3*q - l. What is the units digit of q?
2
Let b(r) = 18*r**3 + 5. Let v(o) = -1. Let l(g) = -b(g) - 4*v(g). What is the tens digit of l(-1)?
1
Suppose 0 = 4*m, -3*m - 209 = -2*o + 179. What is the tens digit of o?
9
Let d = -91 - -123. What is the tens digit of d?
3
Let a(s) = s + 2. Let i be a(-3). Let q be i + (4 - (-6)/(-3)). What is the units digit of (q/(-1))/(3/(-9))?
3
Let g(u) = -u**3 + 5*u**2 - 2*u. Let n be g(5). Let o be 1 - 1*-3 - 2. What is the units digit of (o - 2) + -1 - n?
9
Let g(c) = -c + 7. Let i be g(5). Suppose 4*u - h - 5 = 30, 3*u - i*h - 20 = 0. Let z = 27 - u. What is the tens digit of z?
1
Suppose -18 = -0*f + f. Let d = f + 30. Suppose 0 = 2*b - 0*b - d. What is the units digit of b?
6
Let c = 31 + -18. What is the tens digit of c?
1
Let f(x) = 2*x + 2. Let g(m) = -1. Let n(c) = 3*f(c) + 3*g(c). What is the units digit of n(3)?
1
Suppose 0 = -a + 2*a - 5. Suppose -a*z = -50 - 35. What is the units digit of z?
7
Let i be (-2)/(2/(-6) - -1). Let j = 8 + i. Suppose -28 - 2 = -j*f. What is the units digit of f?
6
Suppose -4 = -i - 0. Suppose d - i*k - 76 = -d, -2*d + k + 64 = 0. Suppose -3*t + d = 5*w, -4*t - 12 = -2*w - 0*w. What is the units digit of w?
6
Let s(v) = 7*v - 7. What is the tens digit of s(3)?
1
What is the units digit of 398 - (-2 - (-1 - 0))?
9
Let c(p) = p**2 + p - 1. Let k be c(-1). What is the tens digit of 13*(3/(-3))/k?
1
Let g be 1*-2*(-3)/(-6). Let t be 0/(((-